 + 37. What is the hundreds digit of m(27)?
6
Suppose 5*q - 71 = -426. Let n = q + -27. Let g = 157 + n. What is the tens digit of g?
5
Let o(q) = -q**3 - 3*q**2 - 2*q - 2. Let s be o(-3). Suppose 1 = -s*f + 9. Suppose -6*r + 49 = f*g - 3*r, 4*g + 4*r = 96. What is the tens digit of g?
2
Suppose -5*b - 38 = -128. Suppose 3*v + 0*l + l = 102, 5*v - 163 = -4*l. Let h = v - b. What is the tens digit of h?
1
Let k(a) = a - 7. Let r(b) = -b + 8. Let h(d) = -5*k(d) - 4*r(d). Let q = 4 + -10. What is the units digit of h(q)?
9
Let f(i) be the first derivative of -i**3/3 - 4*i**2 - 9*i + 11. Let a be f(-4). Let q(z) = z**3 - 7*z**2 + 2. What is the units digit of q(a)?
2
Let z = -1591 + 2801. What is the units digit of z?
0
Let c be -28*1*(-1 - 0). Let q = -27 + c. What is the units digit of q/(27/(-15) + 2)?
5
Suppose q - 2930 = 4*p, -5170 - 677 = -2*q - 5*p. What is the tens digit of q?
2
Suppose 0 = 4*a - 4*t - 1836, -a - 483 = -2*a - 5*t. Let i = a - 238. What is the tens digit of i?
2
Let k = -232 + 333. Let z = 176 - k. What is the tens digit of z?
7
Let o = 13 + -14. Let m be (o - 0)*749/(-7). Suppose 0 = 2*j - m - 17. What is the tens digit of j?
6
Suppose 5*u - 35 = -10. Suppose 5*x = -0 - u. What is the units digit of (-5)/x - (7 + -5)?
3
Let r(w) = w**3 + 5*w**2 - 3*w - 7. Let f be r(-5). Let b(p) be the first derivative of -p**4/4 + 3*p**3 - 3*p**2 + 4*p + 1. What is the units digit of b(f)?
0
Let c = -522 + 810. Suppose -2*a = -3*o - 149, 4*a + 4*o - c = -0*o. What is the units digit of a?
3
Suppose -10*o = -14*o + 16. Suppose 0*y - o = 4*y. What is the tens digit of (-52)/13 - 79*y?
7
Let i = 1321 - 696. What is the hundreds digit of i?
6
What is the units digit of (-10 - (-2933)/7) + -4?
5
Let m = -600 + 1204. What is the units digit of m?
4
Let y = -71 + 41. Let x be (-86)/y - 10/(-75). What is the tens digit of x*12*2 - 0?
7
Let o = 8 - 6. Let u(y) = 18 + 16*y**o - y**3 - 9*y**2 - 8*y + 2*y**2. What is the tens digit of u(8)?
1
What is the tens digit of (-116808)/(-136) + (72/34 - 2)?
5
Suppose -3*o + 36 = -6*o. Let p = 60 + o. What is the tens digit of p?
4
Suppose 2*p + 2*m - 94 + 18 = 0, -81 = -2*p - m. Let y = -607 + 611. Suppose 5*n - p = 2*o - o, -n - y*o = -17. What is the units digit of n?
9
Suppose -4*j = -8 - 0. Suppose -5*d - z = -33 + 5, -4*d + j*z = -14. Suppose d*n - 13 = 4*n. What is the units digit of n?
3
Let s be -2 + ((-67)/(-2))/(1/(-4)). Let m = -47 - s. What is the units digit of m?
9
Let t(z) = 6*z + 4. Let n = -52 - -60. What is the units digit of t(n)?
2
Let m(h) be the first derivative of -h**2 + 32*h + 16. What is the units digit of m(-5)?
2
Suppose 4*o = -8 + 28. Let u(m) = m**3 - 3*m**2 - m + 11. What is the units digit of u(o)?
6
Let b = 8 - 0. Suppose -b = s + 3*s - 4*p, 5*s - 6 = -3*p. Suppose s = -4*a - a + 115. What is the tens digit of a?
2
Let m be 3 - (4/4 + -44). Suppose 4*n - 156 = -2*i, 3*n - 2*n = -4*i + m. What is the units digit of n?
8
Suppose -18*s + 1474 = -6482. What is the units digit of s?
2
Suppose 37 = -y - 18. Let z = y - -118. What is the units digit of z?
3
Let a be (0 - 3/6)*-8. Let m be (70/21)/((-3)/(-54)). Suppose -t + m = a*t. What is the units digit of t?
2
What is the units digit of (-10)/(-5) - (-2442)/((-6)/(-3))?
3
Suppose 2*o - 83 + 23 = 0. Suppose 3*x - 5*m - 38 = x, 2*x - o = m. What is the units digit of x?
4
Let x(l) = 2*l + 11. Let j be x(-7). Let o be 3 - (j - 0 - 75). Suppose 3*h - o = -0*h. What is the units digit of h?
7
Let g(l) = 121*l**2 - l. Let s = 115 - 114. What is the tens digit of g(s)?
2
Let j = -190 - -229. What is the tens digit of j?
3
Let w = 12 + -4. Let p(l) = l**3 - 9*l**2 + 8*l + 2. Let a be p(w). Suppose -40 - 36 = -2*k + a*t, 60 = 2*k + 2*t. What is the units digit of k?
4
Suppose 3*d - 17 = -n, -n - 4*n = 3*d - 25. Suppose 4*w = -t + 38 + 8, -n*w = 8. What is the tens digit of t?
6
Suppose 3*n = t - 176, 2*n + 635 = 5*t - 284. What is the tens digit of t?
8
Suppose -6*i = -4*i + 2*l - 452, l - 688 = -3*i. What is the units digit of i?
1
Suppose 28496 + 4128 = 8*f. What is the tens digit of f?
7
Let v = 2 - 2. Suppose -7*c + 135 = -2*c - 5*a, v = -2*a - 8. What is the tens digit of c?
2
Let h(j) = 5*j**2 - 7*j - 6. Let b be h(-4). Let o = -74 + b. What is the tens digit of o?
2
Let t(s) = 8*s**2 - 3*s + 1. Suppose -4*q = -4*d - 28, -5*d = 3*q - q. Let w(b) = b**3 - 4*b**2 - 4*b - 3. Let c be w(q). What is the units digit of t(c)?
7
Let k(r) = 12*r - 62. Let x be k(8). Suppose -4*h - 20 = 0, 2*m = -2*m - h + 251. Let f = m - x. What is the tens digit of f?
3
Suppose 53*h - 61*h + 8008 = 0. Suppose 0 = -4*j - 4*b + 808, -4*j - j + 4*b + h = 0. What is the tens digit of j?
0
Let r be 14 + (5/(-4) - (-6)/(-8)). What is the tens digit of 40/r*588/35?
5
Let p be (-1315)/(-30) + 1/6. Let t = -6 + p. What is the tens digit of t?
3
Suppose 2*q = 5*q - f - 5034, -4*q = 4*f - 6712. What is the hundreds digit of q?
6
Let l = -163 - -2298. What is the units digit of l?
5
Let c = 289 + -129. What is the tens digit of c?
6
Let c be (-10326)/(-15) - 16/40. Suppose x = 5*y + 6*x - 865, -2*x + c = 4*y. What is the hundreds digit of y?
1
Suppose -3*o + 4*o - 4*r = 1148, 0 = 2*o + r - 2314. What is the units digit of o?
6
Let c = 749 - -401. What is the hundreds digit of c?
1
What is the tens digit of 1 + 4 + 250 + -5?
5
Let v be (-4)/(-6) + 32/6. Let j(h) = 2*h**2 - 2*h. What is the tens digit of j(v)?
6
Let b = 222 + -61. What is the units digit of b?
1
Let r(g) = -g**3 - 2*g**2 + 4*g + 3. Let j be r(-3). Suppose -4*t + 3*t + 652 = 4*v, 3*v + 2*t - 484 = j. What is the units digit of v?
4
Let b(a) be the third derivative of 3*a**5/20 + a**4/3 + 7*a**3/6 - 18*a**2. What is the hundreds digit of b(-4)?
1
Suppose 0 = -5*w + 455 - 140. Suppose -l + w = 5*t - 2, l = t - 7. What is the units digit of t?
2
Let n be -22 + 27 + 1*-1. Suppose -4*t - 320 = -3*m, n*m - 5*t - 535 = -m. What is the tens digit of m?
0
Let w(i) = -i**3 + i**2 + 44*i + 3. What is the hundreds digit of w(-11)?
9
Let p(s) = 14*s**2 + 5*s + 7. Let c(t) = -7*t**2 - 2*t - 3. Let m(r) = -13*c(r) - 6*p(r). What is the units digit of m(-2)?
3
Let o = 426 - 273. What is the tens digit of o?
5
Let a = -101 + 95. Let c(r) = r. Let l be c(-4). What is the tens digit of l/(-6)*(-153)/a?
1
Suppose -4 = -20*b + 24*b. Let t(q) = 69*q**2 - 4*q - 3. What is the tens digit of t(b)?
7
Let f(q) = -7*q**2 - 3 - 2*q**3 - 3 - 147*q + 141*q. What is the tens digit of f(-4)?
3
Suppose -12 = 3*j, -4*j = -4*u - 0*u + 208. Let t be (u/(-10))/((-2)/35). Suppose -t = -x - 3*x. What is the units digit of x?
1
Let h(w) = -9*w - 1. Let j be h(-1). Suppose 3 - j = -5*n. Let o = n + 15. What is the tens digit of o?
1
Let u(m) = 26*m**2 - 3*m - 1. Let x(s) = 26*s**2 - 4*s. Let l(i) = 6*u(i) - 5*x(i). What is the units digit of l(2)?
2
Suppose -4*q - 6 = -2*n - 2*q, 5*n - 3*q - 13 = 0. Suppose 0*k + k - 31 = n*a, -k = 2*a - 47. What is the units digit of k?
9
Suppose 11*b - 16 = 3*b. Suppose -b*g + 4*c = -142, c = g + 3*c - 55. What is the tens digit of g?
6
Let n(k) = -7 - k**2 - 3*k**2 - 12*k + 5*k**2. What is the units digit of n(13)?
6
Suppose -5*x - 3*t + 9 = 0, -3*x - 4*t + 3 - 2 = 0. What is the hundreds digit of 17/(x*(3 - 53/18))?
1
Suppose 19*a + 128 - 5809 = 0. What is the tens digit of a?
9
Let b(o) = -o**3 + 4*o**2 + 7*o. Let m be b(5). Let l = m + -4. Let x = 8 + l. What is the units digit of x?
4
Let v(l) = -l + 18. Let x be v(10). What is the units digit of 1984/12 - x/(-12)?
6
Let z(f) = -f**3 + 8*f**2 - 7*f + 6. Let t be z(7). What is the units digit of 56 + 1 - (-12)/t?
9
Suppose -7*c = c - 32. Suppose -59 - 333 = -c*t. What is the tens digit of t?
9
Suppose 44*v = 69726 + 35346. What is the units digit of v?
8
Let f(s) = 614*s**3 + s**2 - 2*s + 2. Let p be f(1). Suppose 0 = -8*m + 633 + p. What is the tens digit of m?
5
Let p(t) be the second derivative of -6*t - 4*t**2 + 0 - 10/3*t**3. What is the tens digit of p(-3)?
5
Let k = 17 + -15. Suppose 26 = 3*v - 3*p + k*p, -2*v = -3*p - 8. Suppose 3*q - 12 = 0, v*q - 5*q = 5*t - 85. What is the tens digit of t?
2
Let j(i) = 66*i**2. Let q be j(1). Suppose 3*r - 5*r + q = 0. What is the units digit of r?
3
Let d = 8 + 0. Let g = d + 4. Let j = -2 + g. What is th